6 + 0) - (0 + 2)?
-5
(-5 - (4 - (1 + 5 - 1))) + 0
-4
349 + -365 - (-24 - 1)
9
What is -11 + -4 - 11 - -43?
17
Evaluate -1 + -7 - (42 + 28 + -83).
5
Calculate 2 - (-5 - -11) - (20 - 34).
10
Evaluate 5 + (-7 - -5) - (-21 + 35).
-11
Calculate 39 - (-4 - -6 - -1) - 10.
26
What is 7 - (-25 - (-44 - -15) - (1 - 7))?
-3
What is -36 + 8 - 9 - -27?
-10
1104 + -1107 + (-8 - -1 - (3 - 1))
-12
What is the value of -13 - (-4 - (5 + -24))?
-28
What is the value of -1052 + 1028 - (0 - (0 - 2) - -1)?
-27
Calculate -393 + 339 + (-3 - -29).
-28
11 + 1 + -14 - -13
11
-20 + (15 - -1) + 20 + 0
16
What is 3 + -1 + -10 + (23 - 19) - 10?
-14
-7 + (-1 + -7 + 14 + -7 - -10)
2
Evaluate (14 - 5) + -3 + (93 - 105).
-6
26 - 11 - 13 - (1 - -14)
-13
What is 11 + (-14 - 18) + 14?
-7
-7 + 6 + -13 + 2 + 4 + -1
-9
Evaluate 5 - (6 + 0) - (-6 - -22).
-17
Calculate -8 - -7 - 6 - (-2 - 2).
-3
What is (353 - 325) + -31 + 2?
-1
Calculate -31 + 0 + 2 + 823 + -808.
-14
7 + (2 + 4 - (9 + -12))
16
What is 3 + 2 + (7 - 11) + -1?
0
What is 0 + -26 + 16 + 27 - 39?
-22
What is the value of 7 - (0 + 7 - -1)?
-1
What is the value of (-6 - -18) + -18 + -2 + 10 + 3?
5
Evaluate (5 + 2 - 4) + (-7 - 3 - -25).
18
What is the value of 6 + -4 + 3 + (50 - 37)?
18
9 - 0 - (42 + (-23 - 8))
-2
What is the value of -2 + -8 + (3 - -4)?
-3
579 + -557 + -14 + 0 - 18
-10
What is the value of (-1 - (-7 - 0)) + 2?
8
What is the value of -7 - (23 + (-56 - -32))?
-6
Calculate (-12 - 3) + (-170 - -196).
11
Calculate (1 - -1) + -1 + (-14 - (-4 - 3)).
-6
What is 2 + (-3 + 1 - 3) + 15 + -3?
9
Evaluate (0 - 15) + -25 + -21 + 59.
-2
What is 15 + -27 + 14 - 1?
1
What is the value of -26 + (-9 - -25) - (6 - -2 - 6)?
-12
What is (4 - (10 - 2 - -7)) + 14 + -7?
-4
What is the value of (-14 - 0) + -18 + (-5 - -25)?
-12
What is the value of -3 + -12 - 29 - -4?
-40
Evaluate -224 + 227 - (-18 + 4).
17
What is the value of -278 - -266 - (2 + 1)?
-15
-1 + (-25 - -6) + 34
14
What is -6 - 0 - (19 + -10 + (35 - 34))?
-16
Evaluate (-3 - 4) + 2 + 47 + -18 + -2.
22
Calculate 9 + (-9 + 0 + 13 - 11).
2
What is the value of 56 - 52 - (-7 - 2)?
13
Calculate -5 - -4 - ((-3 + 6 - 6) + 1).
1
What is the value of (1 + -7 - -3) + 12 + 3 + -6?
6
What is the value of 1 + 11 + (0 + 7 - 15 - -7)?
11
-7 - -4 - (6 + -1)
-8
8 + 1 - (25 + -1 + -11)
-4
(-1 - 5) + -9 + (-10 - -27) + 15
17
Evaluate -4 - (5 + -16) - (9 - 0).
-2
What is the value of (6 - 3) + -6 + 5 + -1?
1
What is -6 - (-10 + 6 + 4 + (39 - 35))?
-10
What is -16 - (11 - 7 - 40)?
20
What is the value of (-1 - -1) + (162 + -160 - (-1 - 13))?
16
Evaluate -20 + (9 - 2) - ((4 - 7) + 2).
-12
Evaluate -1 + -15 + 8 + 12.
4
Calculate 21 + 6 - (-2 - -17).
12
Evaluate 46 + 3 - (-605 + 643).
11
What is (1 - (1 - 2) - 5) + 1?
-2
What is the value of -9 + 11 + -7 - (-5 + 2)?
-2
-14 - (-7 + (3 + -7 - -7))
-10
(-24 - -31) + -2 + (30 - -2)
37
Calculate (1 - 1) + (0 - 4) + (66 - 56).
6
What is -19 + 15 + 15 - 14?
-3
What is (8 + -1 + 5 - 3) + -1 + 5?
13
(-31 - (5 + -39)) + (-4 - -2 - -7)
8
Evaluate -8 - (19 - (-3 + 17)).
-13
-5 + 7 - (-1 - -1 - (-23 - -46))
25
What is -44 + 44 + -7 + (7 - 4 - 3)?
-7
What is -2 - 13 - (24 + 26 + -42)?
-23
Calculate -7 - (3 + -13 - -7) - (3 + -1).
-6
What is 0 + 9 - (7 - ((-16 - -12) + 11))?
9
What is the value of 14 + 1 + 7 - (-29 - -25)?
26
Calculate -9 + 29 + 0 + (6 - 1 - 5).
20
7 + -5 + 5 + (13 - (-3 - -5))
18
-3 - -7 - (0 + -2) - 10 - -5
1
-6 - (-22 - -10) - (-2 + -2 + 30)
-20
Calculate (65 - 63) + 2 + 4 + -22.
-14
Evaluate (4 + -3 - -5) + (-8 - -2) + 0.
0
Calculate (0 - 1) + (4 - 7) + -117 + 110.
-11
Evaluate (42 - (-10 + -15)) + -35.
32
Evaluate -17 + 20 - -1 - -5.
9
Evaluate 19 + -2 - (-155 - -175).
-3
Evaluate 11 - (-7 - ((0 - 8) + -13 - -6)).
3
What is the value of 0 + -7 + 113 + -117?
-11
What is the value of -174 + 183 - (-1 + -2 - -23)?
-11
What is the value of -9 - 1 - 0 - (-7 - 0 - -7)?
-10
Calculate (-15 - -9 - (11 + -11)) + -1 + 1.
-6
Evaluate -17 + (-4 - -12) + (8 - -1).
0
What is the value of (-1 - 2) + -17 + (14 - 0 - 11)?
-17
What is -12 - ((7 - 28) + 13)?
-4
What is -39 + 49 - (24 - 5)?
-9
Evaluate 2 + 21 + -13 - 11.
-1
Evaluate 3 + -8 - (-22 - -3).
14
What is the value of (6 - (-18 - -23)) + 5?
6
-32 + (-64 + 65 - (1 + (0 - 3)))
-29
(19 - -1) + -26 - (-1 - -6)
-11
What is (27 - 18 - -34 - -1) + -17?
27
What is (6 - (13 + -6)) + -1 + (14 - -7)?
19
Evaluate (-10 + 6 + -2 - 1) + (7 - 14).
-14
Evaluate (6 - 5) + (7 - (-5 - (-4 + 10))).
19
What is -20 + 28 + -2 + -1 + -5?
0
What is 9 - (-5 - (11 - (-2 + 24 + -4)))?
7
What is the value of -6 - (-2 + 0 - -2 - (-45 - -73))?
22
Calculate 8 + 2 + (-20 - -4).
-6
Calculate 21 - (2 + -4) - 1 - (-248 + 256).
14
(22 - (-5 + -4)) + -45
-14
Evaluate -3 - (-14 + 18 - -2).
-9
What is the value of -8 - -12 - -9 - (-1 + 2)?
12
Calculate 1 - (-2 - (0 + 2)) - (-6 + 22).
-11
What is the value of 9 - ((-7 - -1) + -17 + 32)?
0
What is the value of (5 - (6 - 2)) + (19 + 0 - 11)?
9
What is the value of 14 + (-23 - 11) + 12?
-8
What is -10 + 16 + -27 - -17?
-4
What is (0 - -20) + (-13 - 50) + 17?
-26
-6 + (-538 - -520) + (1 - 2) + 0
-25
Evaluate -11 + 0 - (9 + (8 - (2 - -12))).
-14
34 - 31 - (2 - (1 + -3 - -15))
14
Calculate (1 + -12 + -2 - -19) + -1 + 1.
6
What is 83 + -71 + (-6 - -1)?
7
Evaluate -8 + (0 - (-1 - -1)).
-8
Evaluate -11 + -19 + 59 - 1.
28
What is (-9 - -1 - (-244 + 236)) + 33?
33
Evaluate -4 + -9 + -4 + 12.
-5
What is 19 + (-8 - (-1 + 1) - (-690 + 685))?
16
Evaluate -7 + (4 - 7) + 13 - -10.
13
What is the value of 12 + (37 - (18 + -3))?
34
Calculate 11 - (3 + (-7 - -6) + 2).
7
Evaluate -48 + 68 + (-14 - 3).
3
12 + (-5 - (-6 - -4))
9
Calculate -7 - ((3 - (1 - (4 + -16))) + 0).
3
Calculate (-3 - -6) + (23 - 8 - 21).
-3
Calculate (-1 - (-5 + 13)) + 28 - (7 - -1).
11
What is the value of (-54 - (48 - 68)) + 5 + -2 + -2?
-33
(-74 - -8) + 64 + 1 + 14
13
What is the value of 20 + -11 + (-1 - (0 + -12))?
20
Calculate 20 + (-8 + -6 - -1).
7
What is -11 + (6 - 21 - -17) - -14?
5
What is the value of (4 - 0) + 25 - (-3 + -2 - -13)?
21
Calculate -7 - (25 + -28 + 18).
-22
Calculate -9 - -4 - 7 - (1 - -2).
-15
What is (22 - 0) + (-27 - -5)?
0
What is (1 - 0 - 5) + -38 + -57 + 95?
-4
Calculate -8 + (-28 - (1 - 1 - (15 - 3))).
-24
Evaluate 2 + 5 + (2 + -3 - (-4 - 0)).
10
Evaluate (1280 - 1265) + (-11 - 0).
4
(-26 - -1) + 25 + -14
-14
Evaluate -12 - (-2 - (3 - 4)).
-11
What is the value of -2 - -12 - (7 + (4 - 4))?
3
What is the value of (1 - -10) + 35 + -31 - (-8 - -8)?
15
-2 + -16 + 10 + (0 + -3 - -27)
16
What is the value of (-6 - (43 - 56)) + (-19 - (-1 - 0))?
-11
Evaluate -32 + 29 - (0 - (-1 - 3)).
-7
-3 - 7 - -9 - (3 + -30)
26
7 + 0 + (-9 - 9) + -3
-14
Calculate -7 + -12 + 18 + 1.
0
What is the value of -9 + 0 + -59 + 21 + 50?
3
What is (2 - (24 - 4 - 9) - -1) + -7?
-15
(7 - 9) + (-4 - -1)
-5
(9 - 6) + (5 - (27 - -3))
-22
What is -38 + 48 + (-6 - 11)?
-7
Evaluate -19 - (5 - 21) - (-1 + -7).
5
What is the value of -26 + (-28 - (-20 - 33))?
-1
Evaluate 7 - ((13 - -14) + -13).
-7
-38 - (0 + 13 + -31)
-20
What is the value of -12 + (-13 - -55) + -2 + -7?
21
What is 3 - ((2 - 1 - -5) + (1 - 6))?
2
Calculate (11 - (34 + -20) - (-1 - 9)) + -9.
-2
Evaluate 18 + 9 + -14 + -18.
-5
What is 4 + 13 + (-12 - (11 + -22))?
16
(-11 + 4 - -5) + -2 - 5 - -30
21
What is the value of 4 + -12 + -7 + (7 - -10)?
2
Evaluate -58 - (1 - 29) - -55.
25
(-3 + -18 - -39) + 17
35
What is -18 - (31 - 21) - -12?
-16
Evaluate (10 - (-2 + 2)) + -100 + 87.
-3
Calculate -257 + 254 + (-1 - -37).
33
Calculate -15 - (-19 + (-12 - -18)).
-2
Evaluate -41 - 3 - (-76 - -52).
-20
-9 - (-4 - (-20 - -11))
-14
What is the value of (0 - (-1 + -17 - -13)) + 5?
10
Evaluate 25 + -37 + 7 - -18.
13
-16 + 8 + (10 - 1) - -18
19
What is 2 + (0 - 2) - (-416 - -411)?
5
Evaluate 34 + (-33 - -1 - (-32 + 12)).
22
12 - (17 + -8 + -2)
5
19 + -13 + -3 - (-3 + 12)
-6
Evaluate (-4 - (-14 - 3)) + -34.
-21
Evaluate 15 - (5 + 6 + (-6 - -11 - 7)).
6
What is the value of (-1 - -1) + 19 + -5 + 16 + -18?
12
What is the value of -25 + -11 + 4 + (-15 - -23)?
-24
Calculate -21 - -1 - (6 + -2 + 0 + -10).
-14
Calculate 18 - (-18 - (-3 + -25)).
8
Calculate -20 + (-3 + -1 - (-116 + 116)).
-24
Evaluate 35 + (-6 - -18 - 38).
9
8 - (5 + (-2 - 7) + 3)
9
Calculate 11 + -12 + 18 + (2 - 3) + -3.
13
What is the va